{"id":83,"date":"2018-02-06T17:34:19","date_gmt":"2018-02-06T17:34:19","guid":{"rendered":"http:\/\/spboguszewo.gruta.pl\/?page_id=83"},"modified":"2018-02-06T17:34:19","modified_gmt":"2018-02-06T17:34:19","slug":"stolowka-szkolna","status":"publish","type":"page","link":"https:\/\/spboguszewo.gruta.pl\/?page_id=83","title":{"rendered":"Sto\u0142\u00f3wka szkolna"},"content":{"rendered":"<div class=\"article-content\">\n<p align=\"center\"><strong>ZASADY KORZYSTANIA PRZEZ UCZNI\u00d3W Z POSI\u0141K\u00d3W<\/strong><\/p>\n<p align=\"center\"><strong>W SZKOLE PODSTAWOWEJ W BOGUSZEWIE<\/strong><\/p>\n<p align=\"center\"><strong>Postanowienia og\u00f3lne<\/strong><\/p>\n<p align=\"center\">\u00a71<\/p>\n<p>Zasady niniejsze okre\u015blaj\u0105:<\/p>\n<p>1) organizacj\u0119 spo\u017cywania posi\u0142k\u00f3w na sto\u0142\u00f3wce szkolnej,<\/p>\n<p>2) wnoszenie op\u0142at za korzystanie przez uczni\u00f3w z posi\u0142k\u00f3w w Szkole Podstawowej w Boguszewie, zwanej dalej Szko\u0142\u0105.<\/p>\n<p align=\"center\">\u00a72<\/p>\n<p>1. Odpowiedzialno\u015b\u0107 z tytu\u0142u zorganizowania oraz nadzoru w zakresie, o kt\u00f3rym mowa w \u00a7 1 ponosi \u00a0dyrektor Szko\u0142y.<\/p>\n<p>&nbsp;<\/p>\n<p align=\"center\"><strong>Organizacja spo\u017cywania posi\u0142k\u00f3w na sto\u0142\u00f3wce szkolnej<\/strong><\/p>\n<p align=\"center\">\u00a73<\/p>\n<p>1. Sto\u0142\u00f3wka szkolna jest miejscem spo\u017cywania posi\u0142k\u00f3w przygotowanych przez Szko\u0142\u0119 Podstawow\u0105 w Grucie.<\/p>\n<p>2. Z posi\u0142k\u00f3w w sto\u0142\u00f3wce szkolnej mog\u0105 korzysta\u0107 uczniowie oraz pracownicy Szko\u0142y.<\/p>\n<p>3. W sto\u0142\u00f3wce szkolnej oraz na tablicy og\u0142osze\u0144 Szko\u0142y wywieszany jest tygodniowy<\/p>\n<p>jad\u0142ospis.<\/p>\n<p align=\"center\">\u00a74<\/p>\n<p>1. Posi\u0142ki przygotowane w kuchni szkolnej wydawane s\u0105 osobom sto\u0142uj\u0105cym si\u0119 w godzinach od 11.25 do 12.15, z zastrze\u017ceniem ust. 2.<\/p>\n<p>2. Posi\u0142ki przygotowane w kuchni szkolnej wydawane s\u0105 uczniom wg harmonogramu:<\/p>\n<p>1) godzina 11.25 -11.40 &#8211; uczniowie kl. I &#8211; VII<\/p>\n<p>2) godzina 12.00 &#8211; 12.20 &#8211; uczniowie oddzia\u0142u przedszkolnego,<\/p>\n<p>3. W sytuacjach wyj\u0105tkowych uczniowie mog\u0105 zje\u015b\u0107 obiad poza wyznaczonymi godzinami.<\/p>\n<p align=\"center\">\u00a75<\/p>\n<p>1. Obiad wydaj\u0105 uczniom wyznaczeni pracownicy obs\u0142ugi.<\/p>\n<p>2. Przed okienkiem wydawczym uczni\u00f3w obowi\u0105zuje kolejka w jednym szeregu.<\/p>\n<p>3. Nadz\u00f3r nad uczniami spo\u017cywaj\u0105cymi posi\u0142ek sprawuje nauczyciel dy\u017curny.<\/p>\n<p align=\"center\">\u00a76<\/p>\n<p>1. Posi\u0142ki wydawane s\u0105 uczniom na podstawie listy sporz\u0105dzanej przez wyznaczonego pracownika szko\u0142y.<\/p>\n<p>2. Lista, o kt\u00f3rej mowa w ust. 1 zawiera imienny wykaz uczni\u00f3w sporz\u0105dzony w oparciu<\/p>\n<p>o dokonane wp\u0142aty, z uwzgl\u0119dnieniem zg\u0142oszonych rezygnacji z posi\u0142k\u00f3w uczni\u00f3w.<\/p>\n<p>&nbsp;<\/p>\n<p>&nbsp;<\/p>\n<p>&nbsp;<\/p>\n<p align=\"center\">\u00a77<\/p>\n<p>1. Osoby sto\u0142uj\u0105ce si\u0119 maj\u0105 obowi\u0105zek zachowywa\u0107 si\u0119 kulturalnie na sto\u0142\u00f3wce szkolnej.<\/p>\n<p>2. Zabrania si\u0119 wnoszenia do sto\u0142\u00f3wki szkolnej okry\u0107 wierzchnich i plecak\u00f3w.<\/p>\n<p>3. Podczas wydawania posi\u0142k\u00f3w zabrania si\u0119 przebywania w sto\u0142\u00f3wce szkolnej osobom nieuprawnionym, w tym r\u00f3wnie\u017c rodzicom lub prawnym opiekunom ucznia. I<\/p>\n<p>4. Za szkody spowodowane swoim umy\u015blnym zachowaniem w sto\u0142\u00f3wce szkolnej<\/p>\n<p>odpowiada dyscyplinarnie ucze\u0144, a finansowo jego rodzice lub prawni opiekunowie.<\/p>\n<p align=\"center\">\n<p align=\"center\"><strong>Zasady wnoszenia op\u0142at za korzystanie przez uczni\u00f3w z posi\u0142k\u00f3w <\/strong><\/p>\n<p align=\"center\">\n<p align=\"center\">\u00a78<\/p>\n<p align=\"center\">\n<p>1. Rodzic lub prawny opiekun ucznia sk\u0142ada u dyrektora szko\u0142y na pocz\u0105tku roku szkolnego<\/p>\n<p>zg\u0142oszenie ucznia do korzystania z posi\u0142k\u00f3w.<\/p>\n<p><em>Wz\u00f3r za\u0142\u0105cznik nr 2<br \/>\n<\/em><\/p>\n<p>2. Rodzic lub prawny opiekun ucznia, kt\u00f3ry dokona wp\u0142aty za posi\u0142ki bez z\u0142o\u017cenia zg\u0142oszenie ucznia do korzystania z posi\u0142k\u00f3w, niezw\u0142ocznie wype\u0142nia zg\u0142oszenie ucznia dokorzystania z posi\u0142k\u00f3w.<\/p>\n<p>3. Rodzic lub prawny opiekun ucznia w przypadku zaprzestania korzystania przez ucznia z posi\u0142ku sk\u0142ada u dyrektora rezygnacj\u0119 ucznia z korzystania z posi\u0142k\u00f3w.<\/p>\n<p><em>Wz\u00f3r rez<\/em><em>y<\/em><em>gnacji stanowi za\u0142\u0105cznik nr 3.<\/em><\/p>\n<p align=\"center\">\u00a79<\/p>\n<p>1. Warunkiem korzystania przez ucznia z posi\u0142k\u00f3w jest wniesienie op\u0142aty za posi\u0142ki, b\u0105d\u017a wskazanie odr\u0119bnym pismem przez GOPS w Grucie.<\/p>\n<p>2. Op\u0142at\u0119 za korzystanie przez uczni\u00f3w z posi\u0142k\u00f3w stanowi iloczyn dziennej stawki \u017cywieniowej i ilo\u015bci dni \u017cywienia w danym miesi\u0105cu.<\/p>\n<p>3. Wysoko\u015b\u0107 op\u0142at za korzystanie z posi\u0142k\u00f3w podaje si\u0119 w og\u0142oszeniu zamieszczonym na stronie internetowej Szko\u0142y oraz na tablicy og\u0142osze\u0144 Szko\u0142y.<\/p>\n<p align=\"center\">\u00a7 10<\/p>\n<p>1. Op\u0142at\u0119 za korzystanie przez uczni\u00f3w z posi\u0142k\u00f3w wnosi si\u0119 w okresach miesi\u0119cznych<\/p>\n<p>z g\u00f3ry, do 10 dnia \u00a0miesi\u0105ca korzystania ucznia z posi\u0142k\u00f3w.<\/p>\n<p>2. Op\u0142aty za korzystanie przez uczni\u00f3w z posi\u0142k\u00f3w wp\u0142aca si\u0119 do osoby wskazanej przez dyrektora szko\u0142y.<\/p>\n<p>3. Za dat\u0119 wp\u0142aty za korzystanie przez uczni\u00f3w z posi\u0142k\u00f3w uznaje si\u0119 dzie\u0144 wp\u0142ywu \u015brodk\u00f3w do Szko\u0142y.<\/p>\n<p>7. W przypadku wp\u0142aty po terminie okre\u015blonym w ust. 1 &#8211; 3 ucze\u0144 mo\u017ce korzysta\u0107 z posi\u0142ku<\/p>\n<p>od nast\u0119pnego dnia po dniu wp\u0142ywu \u015brodk\u00f3w.<\/p>\n<p>&nbsp;<\/p>\n<p align=\"center\">\u00a711<\/p>\n<p>1. Rezygnacj\u0119 ucznia z posi\u0142ku z powodu:<\/p>\n<p>1) choroby &#8211; zg\u0142asza osobi\u015bcie lub telefonicznie rodzic lub prawny opiekun ucznia<\/p>\n<p>dyrektorowi nie p\u00f3\u017aniej ni\u017c w dniu nieobecno\u015bci do godz. 8.00.<\/p>\n<p>2) przyczyn znanych wcze\u015bniej rodzicom lub prawnym opiekunom ucznia &#8211; zg\u0142asza<\/p>\n<p>osobi\u015bcie lub telefonicznie rodzic lub prawny opiekun ucznia dyrektorowi nie p\u00f3\u017aniej<\/p>\n<p>ni\u017c 1 dzie\u0144 przed planowan\u0105 rezygnacj\u0105,<\/p>\n<p>3) wyj\u015b\u0107 zbiorowych, np. wycieczki lub innych wyj\u015b\u0107 organizowanych przez Szko\u0142\u0119 &#8211;<\/p>\n<p>zg\u0142asza wychowawca klasy lub opiekun wycieczki nie p\u00f3\u017aniej ni\u017c 2 dni przed<\/p>\n<p>planowan\u0105 rezygnacj\u0105.<\/p>\n<p>2. Koszt posi\u0142ku w przypadku zg\u0142oszonej rezygnacji ucznia z posi\u0142ku w terminie, o kt\u00f3rym<\/p>\n<p>mowa w ust. 1 odlicza si\u0119 od op\u0142aty za nast\u0119pny miesi\u0105c.<\/p>\n<p align=\"center\"><strong>Postanowienia ko\u0144cowe<\/strong><\/p>\n<p align=\"center\">\n<p align=\"center\">\u00a7 12<\/p>\n<p>1. W sprawach nieuregulowanych niniejszymi zasadami maj\u0105 zastosowanie postanowienia<\/p>\n<p>ustawy o systemie o\u015bwiaty.<\/p>\n<p>2. Wszelkie sprawy nieuregulowane niniejszymi zasadami, a wynik\u0142e z dzia\u0142alno\u015bci Szko\u0142y,<\/p>\n<p>regulowane s\u0105 na bie\u017c\u0105co przez dyrektora Szko\u0142y.<\/p>\n<p>3. W szczeg\u00f3lnie uzasadnionych przypadkach dyrektor Szko\u0142y mo\u017ce wyrazi\u0107 pisemn\u0105 zgod\u0119<\/p>\n<p>na zwolnienie w ca\u0142o\u015bci lub cz\u0119\u015bci z obowi\u0105zku stosowania niniejszych zasad, pod warunkiem zgodno\u015bci post\u0119powania z obowi\u0105zuj\u0105cymi przepisami prawa.<\/p>\n<\/div>\n","protected":false},"excerpt":{"rendered":"<p>ZASADY KORZYSTANIA PRZEZ UCZNI\u00d3W Z POSI\u0141K\u00d3W W SZKOLE PODSTAWOWEJ W BOGUSZEWIE Postanowienia og\u00f3lne \u00a71 Zasady niniejsze okre\u015blaj\u0105: 1) organizacj\u0119 spo\u017cywania posi\u0142k\u00f3w na sto\u0142\u00f3wce szkolnej, 2) wnoszenie op\u0142at za korzystanie przez uczni\u00f3w z posi\u0142k\u00f3w w Szkole Podstawowej w Boguszewie, zwanej dalej Szko\u0142\u0105. \u00a72 1. Odpowiedzialno\u015b\u0107 z tytu\u0142u zorganizowania oraz nadzoru w &hellip;<\/p>\n","protected":false},"author":1,"featured_media":0,"parent":21,"menu_order":0,"comment_status":"closed","ping_status":"closed","template":"","meta":{"footnotes":""},"class_list":["post-83","page","type-page","status-publish","hentry"],"_links":{"self":[{"href":"https:\/\/spboguszewo.gruta.pl\/index.php?rest_route=\/wp\/v2\/pages\/83","targetHints":{"allow":["GET"]}}],"collection":[{"href":"https:\/\/spboguszewo.gruta.pl\/index.php?rest_route=\/wp\/v2\/pages"}],"about":[{"href":"https:\/\/spboguszewo.gruta.pl\/index.php?rest_route=\/wp\/v2\/types\/page"}],"author":[{"embeddable":true,"href":"https:\/\/spboguszewo.gruta.pl\/index.php?rest_route=\/wp\/v2\/users\/1"}],"replies":[{"embeddable":true,"href":"https:\/\/spboguszewo.gruta.pl\/index.php?rest_route=%2Fwp%2Fv2%2Fcomments&post=83"}],"version-history":[{"count":2,"href":"https:\/\/spboguszewo.gruta.pl\/index.php?rest_route=\/wp\/v2\/pages\/83\/revisions"}],"predecessor-version":[{"id":146,"href":"https:\/\/spboguszewo.gruta.pl\/index.php?rest_route=\/wp\/v2\/pages\/83\/revisions\/146"}],"up":[{"embeddable":true,"href":"https:\/\/spboguszewo.gruta.pl\/index.php?rest_route=\/wp\/v2\/pages\/21"}],"wp:attachment":[{"href":"https:\/\/spboguszewo.gruta.pl\/index.php?rest_route=%2Fwp%2Fv2%2Fmedia&parent=83"}],"curies":[{"name":"wp","href":"https:\/\/api.w.org\/{rel}","templated":true}]}}