{"id":46,"date":"2018-02-06T16:51:42","date_gmt":"2018-02-06T16:51:42","guid":{"rendered":"http:\/\/spboguszewo.gruta.pl\/?page_id=46"},"modified":"2018-02-06T16:55:22","modified_gmt":"2018-02-06T16:55:22","slug":"opieka-swietlicowa","status":"publish","type":"page","link":"https:\/\/spboguszewo.gruta.pl\/?page_id=46","title":{"rendered":"Opieka \u015bwietlicowa"},"content":{"rendered":"<p>Szko\u0142a zapewnia uczniom opiek\u0119 \u015bwietlicow\u0105 zgodnie z potrzebami rodzic\u00f3w w tym zakresie.<\/p>\n<p>Podstaw\u0105 obj\u0119cia dziecka opiek\u0105 \u015bwietlicow\u0105 jest wype\u0142nienie przez rodzica wniosku. Opiek\u0119 pe\u0142ni\u0105 nauczyciele Szko\u0142y Podstawowej w Boguszewie. W tym czasie organizowane s\u0105 zaj\u0119cia tematyczne, k\u00f3\u0142ka zainteresowa\u0144, zaj\u0119cia sportowe.<\/p>\n","protected":false},"excerpt":{"rendered":"<p>Szko\u0142a zapewnia uczniom opiek\u0119 \u015bwietlicow\u0105 zgodnie z potrzebami rodzic\u00f3w w tym zakresie. Podstaw\u0105 obj\u0119cia dziecka opiek\u0105 \u015bwietlicow\u0105 jest wype\u0142nienie przez rodzica wniosku. Opiek\u0119 pe\u0142ni\u0105 nauczyciele Szko\u0142y Podstawowej w Boguszewie. W tym czasie organizowane s\u0105 zaj\u0119cia tematyczne, k\u00f3\u0142ka zainteresowa\u0144, zaj\u0119cia sportowe.<\/p>\n","protected":false},"author":1,"featured_media":0,"parent":21,"menu_order":0,"comment_status":"closed","ping_status":"closed","template":"","meta":{"footnotes":""},"class_list":["post-46","page","type-page","status-publish","hentry"],"_links":{"self":[{"href":"https:\/\/spboguszewo.gruta.pl\/index.php?rest_route=\/wp\/v2\/pages\/46","targetHints":{"allow":["GET"]}}],"collection":[{"href":"https:\/\/spboguszewo.gruta.pl\/index.php?rest_route=\/wp\/v2\/pages"}],"about":[{"href":"https:\/\/spboguszewo.gruta.pl\/index.php?rest_route=\/wp\/v2\/types\/page"}],"author":[{"embeddable":true,"href":"https:\/\/spboguszewo.gruta.pl\/index.php?rest_route=\/wp\/v2\/users\/1"}],"replies":[{"embeddable":true,"href":"https:\/\/spboguszewo.gruta.pl\/index.php?rest_route=%2Fwp%2Fv2%2Fcomments&post=46"}],"version-history":[{"count":1,"href":"https:\/\/spboguszewo.gruta.pl\/index.php?rest_route=\/wp\/v2\/pages\/46\/revisions"}],"predecessor-version":[{"id":47,"href":"https:\/\/spboguszewo.gruta.pl\/index.php?rest_route=\/wp\/v2\/pages\/46\/revisions\/47"}],"up":[{"embeddable":true,"href":"https:\/\/spboguszewo.gruta.pl\/index.php?rest_route=\/wp\/v2\/pages\/21"}],"wp:attachment":[{"href":"https:\/\/spboguszewo.gruta.pl\/index.php?rest_route=%2Fwp%2Fv2%2Fmedia&parent=46"}],"curies":[{"name":"wp","href":"https:\/\/api.w.org\/{rel}","templated":true}]}}